e (-1260)/(-54) + 2/3. Suppose -j*t + 46*t - 47938 = 0. Is t prime?
True
Let q(a) = 73*a - 1 + 4 + 3. Let y be q(16). Suppose -4*g + 2*g = -y. Is g a prime number?
True
Is (-345 + 348)/(6/77068) a composite number?
True
Suppose 38*v - 42*v - 2772 = 0. Is (v/28 - -5)*-20 prime?
False
Let q(p) = 248*p**2 + 37*p + 32. Is q(-23) a composite number?
True
Let w be (-2)/(-8) - 186615/(-116). Let n = w - -3570. Is n composite?
False
Suppose 3*y = -0*l + 13*l + 145072, -5*l = -3*y + 145112. Is y composite?
True
Let c(f) be the third derivative of 17*f**5/30 + f**4/24 + 8*f**3/3 - 2*f**2. Let s be (-3)/(-4)*(-1300)/(-195). Is c(s) prime?
False
Suppose -3*w = -853 - 245. Let d = -211 + w. Suppose -280 = -5*s + d. Is s a prime number?
False
Let v(q) = -1072*q - 7. Let y be v(7). Let l = -4492 - y. Is l prime?
True
Let v be 20/6 + (-15)/45. Suppose 774 = v*x + b - 638, -3*b = x - 484. Is x prime?
False
Let z = -31 + 45. Suppose 4*o - z = 18. Suppose o*j = 7203 - 1819. Is j a prime number?
True
Let j(a) = -5*a**2 - 73*a - 34. Let w be j(-14). Suppose -7*c + 218865 = w*c. Is c prime?
True
Let i(b) = b**3 - b**2 - 2*b + 13. Let t be 54/30*(1 + 4). Let z = -1 + t. Is i(z) composite?
True
Let f be (-1 - -1)/(4*(-3)/6). Suppose 5*p - 20 = -f*p. Suppose -4*c = -p, -c - 1494 - 2100 = -5*d. Is d composite?
False
Let q(x) = 2*x**2 + 25*x - 6. Let d(a) = -3*a**2 - 49*a + 13. Let b(t) = -4*d(t) - 7*q(t). Let m be b(10). Let u(w) = -w**2 + 187. Is u(m) a prime number?
False
Let h(d) = 123*d + 28. Let j be h(-5). Suppose 2*m + 828 = -m. Let c = m - j. Is c a prime number?
True
Let c = 1922 - 1917. Suppose 0 + 12 = -4*s. Is c + (3/s - -49) prime?
True
Suppose -2*j + 2*p = -24, -8*j + 9*j - 2*p = 10. Suppose -9*i + j*i = -1550. Let z = i - -1661. Is z a prime number?
False
Suppose -8*w - 122445 = -17*w. Let u = -9652 + w. Is u a composite number?
True
Let m = -979 + 2040. Suppose -x - 5*t = -4*x + m, -3*t - 12 = 0. Is 2 + 1 - (6 + x)*-2 a composite number?
False
Let r be -2 - 3*2 - -1. Let l(f) be the third derivative of 7*f**5/60 + f**4/3 + f**3/3 + 316*f**2. Is l(r) a composite number?
True
Let j be (-12)/(-54) - (-58)/(-18). Let w be 1 + 10/(-6) - 16900/75. Let f = j - w. Is f a prime number?
True
Suppose 13947 + 182156 - 23418 = 5*y. Is y composite?
False
Suppose -3*o + 111 = 3*z + z, 0 = -2*z - o + 55. Suppose -5*d + 0*d = 2*p + 5, d = -3*p - z. Is (-4)/p + (-21026)/(-10) a composite number?
True
Is 22*(2*(-2)/10 + 10982146/140) composite?
True
Let v(w) = 35046*w + 1795. Is v(11) a composite number?
True
Let x = -22 + 27. Suppose v - 33275 = -2*v + x*u, -4*v + 3*u + 44374 = 0. Suppose -3*h = 2*h - v. Is h prime?
False
Suppose 0 = -34*w + 3880536 + 878852. Is w composite?
True
Let f = -164 - -168. Is 10301 + 3*(f + (-80)/15) a prime number?
False
Suppose 5*t - 2*x = 112893, 2*t - 21*x = -24*x + 45142. Let n = t + -12832. Is n a composite number?
True
Suppose -15*y + 7*y = 16. Is -1*(-2)/y*(-472 - -6) a composite number?
True
Let a = 227436 - -153511. Is a composite?
True
Let x(b) = 4036*b**2 - 7*b + 8. Let y(u) = -18*u - 17. Let o be y(-1). Is x(o) a prime number?
False
Suppose 17 = 4*w + 13*w. Suppose 3*x = -4*d - 11, 3*d - 58 = 5*x - w. Is (-6)/x + 13249/3 composite?
True
Let j(g) = -2*g**3 - 75*g**2 - 33*g + 171. Let h be j(-37). Suppose -290 = 5*f - 1145. Suppose 2*r - 4*b - f = h, 3*r - 3*b = 276. Is r a composite number?
True
Let z(q) = -3*q - 26. Let n be z(-11). Suppose -15 - 20 = -n*g. Suppose -3*j - 3*s = -5*j + 2066, g*j + 4*s = 5211. Is j composite?
False
Suppose -3*c + 16 = 5*c. Let k(l) = -1771*l**2 - 3*l + 7. Let z be k(c). Is 12/(-18)*z/6 prime?
True
Let o(y) = -1922*y + 387. Is o(-7) composite?
False
Let b(i) = -i**2 - 15*i - 39. Suppose 3*n + g = -35, -6*g = -2*n - 3*g - 27. Let x be b(n). Is 5/((-5)/(-214)) - x a composite number?
True
Suppose -3*a + 0*n + 4*n = -20, 2*n + 30 = 4*a. Suppose 2*y + 4 = a. Suppose -21 = -y*s + 137. Is s prime?
True
Let o = 358 + -356. Is (o + (-9 - -8))*(-50178)/(-2) a prime number?
False
Suppose -13 = -3*f + 14. Let x(u) = 2*u**2 + 4*u + 13. Let g be x(f). Suppose -2*s + 1312 + g = 5*z, 1215 = 4*z + 5*s. Is z prime?
False
Suppose 1143812 - 2227465 = -72*g + 1390771. Is g a composite number?
False
Let v(u) = 71*u**2 - 4*u - 14. Let t be v(-4). Suppose 0 = 3*w - x - 2067, 2*x - t - 248 = -2*w. Let d = w + -373. Is d a composite number?
False
Let b = 189 - 184. Suppose -w - b + 0 = 0, -13283 = -3*l + 4*w. Is l a composite number?
False
Is ((-6)/(-4))/((-105)/42 + 4) - -351456 a composite number?
False
Suppose 0 = -3*v - 4*j - 3575, j = -5*v - j - 5949. Let f = -312 - v. Is f a composite number?
False
Let g(y) = 1655*y**2 - 5*y - 3. Suppose -s - 7 = 6*s. Is g(s) a composite number?
False
Let u be 10 + 1 + -8 + -13. Is (-173410)/(-7) + u/(-70) composite?
True
Let o be (-9)/(-2) + -3 - 1445/(-10). Suppose -m = -1, 2*w - o - 1031 = -3*m. Is w a prime number?
True
Let i(l) = -11*l + 93. Let x be i(8). Suppose -x*q + 7421 - 424 = f, -5*q - 3*f = -7001. Is q prime?
True
Let x(t) = -3*t**3 - 6*t**2 + t + 14. Let f(k) = -k + 4*k**3 + 0*k**3 + 7*k**2 - 2*k**2 - 13. Let n(a) = 7*f(a) + 6*x(a). Is n(3) prime?
True
Let q(g) = -11*g**2 - 11*g - 5. Let n be q(14). Let z = 3432 + n. Is z prime?
True
Suppose -2224 = 4*k + u, -5*k - 2*u - 1663 = -2*k. Let a = 2530 + k. Is a composite?
False
Let f be (9 + -14331 + 9)/((-2)/4). Let b = 48065 - f. Is b a composite number?
True
Let d(f) = 252*f**3 - f**2 + f + 1. Let r(n) = 21*n**2 - 42*n + 1. Let y be r(2). Is d(y) a prime number?
False
Suppose -1514 = -3*k - 2*x, 49*x = -k + 52*x + 523. Suppose -k = -7*l + 3*l. Is l a prime number?
True
Suppose -82 = -5*y - 5*o + 103, -5*y - 3*o = -185. Let n = -35 + y. Suppose n*c + 1378 = 5*f, 61 = 2*f + 2*c - 479. Is f a prime number?
False
Let w = 34 + -22. Suppose 2476 = -8*q + w*q. Let p = q - 6. Is p composite?
False
Let w = 827 + -270. Suppose -4*f + 2228 = 5*c, 4*f - 5*f + w = -4*c. Is f a composite number?
False
Let p(d) = -697*d**3 + d**2 + 8*d + 1. Let t be p(-3). Suppose t = 91*n - 86*n. Is n prime?
True
Let x(t) be the second derivative of -t**5/20 + 5*t**4/2 - 19*t**3/3 + 26*t**2 + 12*t. Is x(25) prime?
False
Let t(v) = -88*v + 171. Let q = -293 - -267. Is t(q) a prime number?
True
Let d = 23 - 8. Let k = d + -12. Suppose 3*j - 624 = -k*w, -4*w + 680 = 3*j - 155. Is w a prime number?
True
Let h(a) = 218*a + 323. Suppose 9 = -3*z + 45. Is h(z) a composite number?
False
Is (6 + -28800)*33/(-12) - 25/10 composite?
False
Let i(k) = 830*k**2 - 94*k - 2433. Is i(-20) a composite number?
False
Suppose 19*w + 28*w - 4783569 = 26*w. Is w prime?
True
Let r(y) = -12*y - 200. Let f be r(-17). Is f/(-18) + (-2738032)/(-396) a prime number?
False
Let f(s) = -1427*s - 124. Let k(o) = 714*o + 61. Let a(g) = 4*f(g) + 7*k(g). Is a(-14) a composite number?
False
Let x(i) = i**2 - 10*i - 7. Let q be x(6). Let d be (q - -33)/(-2*(-1)/557). Suppose -4*y = -j + d, y + 3 = 2. Is j a prime number?
False
Let n(h) = -h**2 - 6*h - 10. Let x be n(-5). Is 12/(-2) - -3156 - x a prime number?
False
Suppose -607 = -h + 287. Suppose h = 2*l + 6086. Let b = l - -4881. Is b a prime number?
False
Is ((24/(-20))/((-164)/205))/((-3)/(-117878)) a prime number?
False
Let p(m) = 7*m**2 - 4*m**3 - 4 - 1 - m**2 + m + 4. Is p(-4) prime?
True
Let t = -28 - -31. Suppose 0 = t*v - 5*v - 4*d + 4938, -3*d + 4942 = 2*v. Is v a composite number?
False
Let y(o) be the second derivative of -o**5 - o**4/12 - 7*o**3/3 - 6*o**2 + 2*o + 31. Is y(-5) composite?
True
Let i be 49/(-147) + 1/((-6)/1570). Is (-1 + (-6726)/4)*i/655 a composite number?
False
Suppose -1663122 = 93*s - 9719331 - 21099942. Is s a prime number?
True
Suppose -j + 3*a + 277 = -3*j, -4*a = 12. Is (-11)/5*(-50)/(-20)*j composite?
True
Let f(v) = -v**3 + 7*v**2 + 18*v + 2. Let d be f(9). Suppose -d*n + 0*q + 4424 = -4*q, -3*n - 3*q = -6636. Let h = n + -731. Is h a composite number?
False
Let a(y) = -2328*y**3 - 2*y**2 - 18*y - 231. Is a(-8) prime?
False
Suppose 9985*q + 122628 = 9997*q. Is q a composite number?
True
Suppose 5*m - 3*i + 2 = 30, -4*m + 16 = -4*i. Let d(a) = 2*a**2 + 0*a**3 - 13 + 2*a**3 - 7*a**2 - 2*a - 10*a**2. Is d(m) composite?
True
Suppose 404*g + 4*f - 9353853 = 401*g, 3*g - 9353850 = -5*f. Is g composite?